 is l(j)?
-4
Let b(t) = -2*t**3 + t. Let d be (-1)/2*-10 - -1. Let o be 6/(-30) + d/5. Give b(o).
-1
Let d be (2/(2/(-1)))/1. Let w(i) = -1 - 6*i + 7*i + 0 + 4*i. Calculate w(d).
-6
Let f(i) = i**2 + 4*i - 6. Let d = -19 - -13. What is f(d)?
6
Let r(y) be the first derivative of y**2/2 + 12*y - 9. What is r(-10)?
2
Let r(x) = 9*x - 23. Let u(v) = -6*v + 15. Let z(f) = -5*r(f) - 8*u(f). What is z(5)?
10
Let b(g) be the second derivative of g**5/20 - g**4/12 - g**3/6 + 7*g**2/2 - 4*g. Calculate b(0).
7
Let g = 8 + -3. Let q(l) be the first derivative of l**4/24 + l**3/6 + 2*l**2 - 6. Let n(w) be the second derivative of q(w). Calculate n(g).
6
Let k(a) = -9*a**2 + a - 2*a**3 + 6*a**2 + 6*a**2 - 2*a**2. Give k(2).
-10
Suppose 54 = -4*c + 42. Let d(g) = g - 1. Calculate d(c).
-4
Suppose -t + 0*t + 4 = 0. Let d(j) be the third derivative of 0 + 2*j**2 - 1/3*j**3 + 0*j - 1/6*j**4 + 1/60*j**5. Determine d(t).
-2
Let c = -19 + 28. Let m(j) = 3*j - 6. Give m(c).
21
Let x(o) be the second derivative of o**5/20 + o**4/3 - 2*o**3/3 + o**2 - 2*o. Suppose 8 = -c - 3*c. Let r(k) = -k**2 - 1. Let v be r(c). What is x(v)?
-3
Let g(o) = -3 - 5*o**2 - 4 + 3*o**2 + 3*o**2. Give g(0).
-7
Let b(t) = 2*t**3 + 2*t**2 - 2*t - 2. Suppose -2 = 2*f + 2. What is b(f)?
-6
Let a(h) = 9*h**3 - 7*h**2 - 7*h - 18. Let y(i) = 5*i**3 - 4*i**2 - 4*i - 10. Let c(f) = -4*a(f) + 7*y(f). Let v(w) = w**2 - 2. Let l be v(2). Determine c(l).
-6
Let p(m) = 8*m - 1. Suppose -4*l = -4*s - 2*l + 22, -3*s + 6 = -5*l. Let v(i) = -4*i + 1. Let g(u) = s*v(u) + 4*p(u). What is g(-2)?
-5
Let w(n) be the first derivative of -3*n**3 + 39. What is w(-2)?
-36
Let o = 17 + -15. Let d(i) be the second derivative of -5/2*i**o - i + 0 + 1/3*i**3. Determine d(4).
3
Let j(z) = -z - 1. Let u(c) = -8*c - 7. Let k(p) = 6*j(p) - u(p). Give k(6).
13
Let s(q) be the first derivative of q**4/12 + 2*q**3/3 - 5*q**2/2 - 7*q - 4. Let z(m) be the first derivative of s(m). Give z(-4).
-5
Let a(p) be the first derivative of 0*p - 3 - 1/2*p**2. Give a(3).
-3
Let k be (3 - 5)*9/(-6). Suppose 0 = -k*g - g. Let i(u) = u**3 - u**2 + u + 3. Calculate i(g).
3
Let c(o) = 2*o + 1. Let h(p) be the third derivative of p**4/24 + p**3/6 - p**2. Let x be (31 - 29)*(-6)/4. Let t be h(x). Give c(t).
-3
Suppose -3*f = 5*m - 31, 6*f - 3*m + 9 = 3*f. Let i be 3/9*0 + 4. Let d(h) = -h**3 - 4 + 0*h**3 - 3*h**f - i*h**2 - 6*h. Calculate d(-6).
-4
Let n(h) = h**2 + 5*h - 6. Suppose -3*j = -5*j - 4*g - 18, -3*j - 2*g = 7. Let q be -6 + 2/(-1 - -2). Let v = q - j. Calculate n(v).
-6
Let b(t) = t**2 + 9*t + 12. Let w be b(-9). Let u(q) = -q**3 + 12*q**2 + 5. Let h be u(w). Let g(j) = -j**2 + 4*j + 5. What is g(h)?
0
Let w(g) = 6*g + 8*g - 13*g. Calculate w(-2).
-2
Let g(w) = -w + 5. Suppose -o + 0*m = 5*m - 3, -3*o = 2*m - 22. Determine g(o).
-3
Let a = -18 - -11. Let q = a + 12. Let v(m) be the third derivative of -m**4/24 + 7*m**3/6 + m**2. Calculate v(q).
2
Let g(n) = 2*n + 1 - 5 + 5. Suppose -13 + 33 = 4*i. Calculate g(i).
11
Let t(v) = -8*v**3 + 4*v**3 + 2*v**2 + 3*v**3 + 0*v**3 + v - 1. Determine t(3).
-7
Suppose -1 = q - 2*c, 5*q = q + c - 11. Let t(z) = -z**2 + 2*z + 2. Determine t(q).
-13
Let z(v) be the third derivative of -v**9/60480 - v**8/20160 - v**7/5040 + v**6/360 - v**5/30 + 3*v**2. Let a(h) be the third derivative of z(h). What is a(-2)?
8
Suppose 2*u = -i + 5*u + 1, -4*u - 8 = 2*i. Let w be (i/3)/(10/(-75)). Let r(y) = -w*y**3 - y**2 + 2*y**2 + 0*y**2. Give r(-1).
6
Let a(p) = -p + 4. Let o = -3 - -1. Let y(x) = -8*x - 1. Let i be y(o). Suppose -3 = 3*b - i, r - b = -9. Determine a(r).
9
Let f(o) be the third derivative of o**6/120 - o**5/15 + o**4/24 - o**3/6 - o**2. Suppose 0*h + 2*h - 6 = 0. Give f(h).
-7
Let r = -19 - -8. Let t = r - -15. Suppose -a + 5*a = -t. Let b(n) = -9*n**3 - n**2. Give b(a).
8
Let o(f) = 7*f + 1. Let q = 62 - 63. What is o(q)?
-6
Let w(t) = t**3 + 6*t**2 + 4*t + 2. Let d(q) = -3*q - 5. Let r be d(-6). Suppose 2*i = i + r. Suppose -5*z - 20 = 3*c, 2*c - 4*c - 3*z - i = 0. Determine w(c).
7
Let k(z) be the first derivative of -4*z - 3*z**2 + z**2 + 2*z**2 - 2 + 2*z**2. Calculate k(3).
8
Let p(g) = 5*g - 5 - 4 + 2*g**2 + 6 - g**2. Calculate p(-4).
-7
Let t(o) = -4*o + 1. Suppose -10 = 10*v + 10. Determine t(v).
9
Let m(n) = -2*n**3 + n**2 + n. Let p be (5*8/20)/1. Give m(p).
-10
Let z be (1/(-3))/(3/(-45)). Suppose 2*u = -3*h - 5, -u - h = u - z. Let r(a) = a**2 - 9*a + 2*a + 7 + 0*a. Determine r(u).
-3
Let r(c) = -c**2 - 5*c + 7. Let w be (1 - (-4)/(-12))*48. Suppose -4*b - w = 4*s, -s + 4*b = -2*s - 14. Give r(s).
1
Let y be ((-12)/(-9))/((-2)/(-3)). Suppose 4*n + a - 12 = 0, -y*a = -4*n - a + 20. Let v(x) = -2*x + 3. Give v(n).
-5
Suppose -k + 9 = -3*g, -3 = -k + 4*g + 9. Let n(t) = -4 + t + t**2 + 3 + k*t**2. Determine n(2).
5
Let u be -150*(4/(-8))/1. Let z(y) = -2 + 73*y - u*y + y**2 - 2. What is z(5)?
11
Let l(d) = 5*d - 5. Let m(p) = -p + 1. Let j(u) = l(u) + 4*m(u). Give j(-7).
-8
Let g(n) = -3*n**3 + 29*n**2 - 18*n - 9. Let a(h) = -h**3 + 10*h**2 - 6*h - 3. Let x(m) = -8*a(m) + 3*g(m). Give x(6).
-3
Let j(n) = 3*n - 2*n + 0*n**2 + n**2. Let q(x) = 2*x**2 + 2*x + 1. Let k(f) = 5*j(f) - 2*q(f). Let g(w) be the first derivative of k(w). What is g(-3)?
-5
Let k(z) = -z**3 - 6*z**2 - 5*z. Suppose -26*x - 13 = 91. What is k(x)?
-12
Let j = -4 + 4. Let o(p) = -p**2 + p - 3. What is o(j)?
-3
Let j(i) = 4*i + 2*i**3 - 4 - 5*i - 4*i**2 - 3*i**3. Let r = -19 + 15. What is j(r)?
0
Let s(t) be the third derivative of t**6/45 - t**5/60 + t**4/24 + t**3/6 - 5*t**2. Let h(j) be the first derivative of s(j). Give h(1).
7
Let q(v) be the second derivative of -v**8/2240 - v**6/720 - v**4/4 - 3*v. Let p(n) be the third derivative of q(n). What is p(-1)?
4
Let f(w) = -26 + 15 + w + 15. Determine f(-7).
-3
Let z(n) = 2 + 0*n**3 - 4*n**2 + 5*n**3 - 4*n**3 - 6 - 3*n. What is z(5)?
6
Let m(n) be the first derivative of 3*n + 1/2*n**2 + 2. Give m(4).
7
Let m(i) = i**3 - i**2 + i - 3. Let u(n) = 3*n**2 - n - 1. Let s be u(-1). Let g = 2 - 0. Suppose b - 3*f = 0, -5*b = -g*b + s*f. Determine m(b).
-3
Let g(y) = -y**3 + 3*y**2 + 5*y - 5. Let k be g(4). Let f(i) = -4*i + i + 9*i - i. Calculate f(k).
-5
Let g(b) = b**3 - 3*b**2 - 2*b - 3. Let n = 37 + -33. Determine g(n).
5
Let j(u) = -5*u**2 - 6*u + 5. Let s(b) = -b**2 - b + 1. Suppose -2*q - 2*q - 4 = 0. Let w(a) = q*j(a) + 4*s(a). Calculate w(1).
2
Let f(s) = 2*s**2 + 2 - s**2 + 2*s - 3 - 15*s**3 - s. Give f(1).
-14
Let n = -13 + 8. Let u be -15 + 15 + n + 0. Let r(d) = 2*d**2 + 6*d - 5. What is r(u)?
15
Suppose 2 = 2*q - 4*f, 5*q - 2 = -2*f - 21. Let i(p) = -1 + 3 + 1 - 5*p - p**2. Give i(q).
9
Let i(x) be the second derivative of -3*x**5/20 - x**4/12 - 32*x. Determine i(2).
-28
Suppose 3*r + 0*r + 4*q = 6, 0 = -3*q. Let z(m) = m**3 - 4*m**2 + 3*m. Give z(r).
-2
Let z(f) be the second derivative of 1/2*f**2 - 3*f + 0 - 7/6*f**3. Calculate z(1).
-6
Let f(y) = -3*y - 2*y**2 - 4*y - 6 + 2*y + y. Let z(t) = 2*t**2 + 3*t + 5. Let j(l) = -4*f(l) - 5*z(l). Calculate j(2).
-7
Let u(a) = 10 + 5*a**2 + 2*a - a**2 - 3*a**2 - 9. Determine u(-1).
0
Suppose 0 = -4*l + 16, 4*l = -f + 10 + 6. Suppose f = 4*g - 17 + 1. Let v(t) be the first derivative of -t**3/3 + 2*t**2 - 5*t + 6. What is v(g)?
-5
Suppose 4*l + 1 = b, 6*l - 4*l = b - 3. Suppose -b*n - 5 = 5. Let s(a) be the second derivative of -a**5/20 - a**4/12 - a**2 + a. Calculate s(n).
2
Let f(i) be the first derivative of -i**3/3 - 5*i**2/2 + 10. Give f(-5).
0
Let t(a) = -2*a**3 - 9*a**2 - 9*a - 7. Let b(n) = 3*n**3 + 14*n**2 + 14*n + 11. Let m(l) = 5*b(l) + 7*t(l). What is m(-6)?
0
Let l be -1*(-1 + 0/1). Let k = 1 + 14. Let v(t) = -3*t - 11*t + k*t. Give v(l).
1
Let v(w) = w. Let f be v(3). Let o(r) = -3*r**2 + 2*r + 3 + r**3 - 4 + 0*r**f + 0. What is o(2)?
-1
Let k(u) be the third derivative of -u**5/6 + u**4/24 + 8*u**2. What is k(-1)?
-11
Let l = -42 - -48. Let o(h) = -h**2 + 8*h + 1. What is o(l)?
13
Suppose -v - 5*g - 7 = -2*v, 5*g + 11 = 3*v. Let o(w) = 6*w**v + 2*w - 4*w - w**3 - 1 + 3*w. Let y(m) = -m**2 - 6*m + 1. Let a be y(-5). Determine o(a).
5
Let o(u) = -u. Let b(m) = 4*m**2 + 2*m - 1. Let a be b(1). What is o(a)?
-5
Let b(p) be the second derivative of 0*p**2 - 3*p + 0 - 7/6*p**3. Calculate b(-1).
7
Let r(